{"id":61,"date":"2024-06-28T08:50:58","date_gmt":"2024-06-28T06:50:58","guid":{"rendered":"https:\/\/cmc.aseem.pl\/?page_id=61"},"modified":"2024-06-28T12:27:46","modified_gmt":"2024-06-28T10:27:46","slug":"branza-wiertniczna","status":"publish","type":"page","link":"https:\/\/cmc.aseem.pl\/?page_id=61","title":{"rendered":"BRAN\u017bA WIERTNICZNA"},"content":{"rendered":"\t\t<div data-elementor-type=\"wp-page\" data-elementor-id=\"61\" class=\"elementor elementor-61\">\n\t\t\t\t<div class=\"elementor-element elementor-element-c385ed9 e-flex e-con-boxed e-con e-parent\" data-id=\"c385ed9\" data-element_type=\"container\">\n\t\t\t\t\t<div class=\"e-con-inner\">\n\t\t\t\t<div class=\"elementor-element elementor-element-c5df483 elementor-widget elementor-widget-text-editor\" data-id=\"c5df483\" data-element_type=\"widget\" data-widget_type=\"text-editor.default\">\n\t\t\t\t<div class=\"elementor-widget-container\">\n\t\t\t<style>\/*! elementor - v3.22.0 - 26-06-2024 *\/\n.elementor-widget-text-editor.elementor-drop-cap-view-stacked .elementor-drop-cap{background-color:#69727d;color:#fff}.elementor-widget-text-editor.elementor-drop-cap-view-framed .elementor-drop-cap{color:#69727d;border:3px solid;background-color:transparent}.elementor-widget-text-editor:not(.elementor-drop-cap-view-default) .elementor-drop-cap{margin-top:8px}.elementor-widget-text-editor:not(.elementor-drop-cap-view-default) .elementor-drop-cap-letter{width:1em;height:1em}.elementor-widget-text-editor .elementor-drop-cap{float:left;text-align:center;line-height:1;font-size:50px}.elementor-widget-text-editor .elementor-drop-cap-letter{display:inline-block}<\/style>\t\t\t\t<p>G\u0142\u00f3wnym zadaniem zag\u0119stnik\u00f3w stosowanych w wiertnictwie jest nadanie p\u0142uczce wiertniczej zaprojektowanych\u00a0<strong>w\u0142a\u015bciwo\u015bci reologicznych<\/strong>, utrzymanie odpowiedniej lepko\u015bci i granicy p\u0142yni\u0119cia, dzi\u0119ki kt\u00f3rym spe\u0142nia podstawow\u0105 funkcj\u0119, jak\u0105 jest efektywne wynoszenie zwiercin (urobku). Odpowiedni dob\u00f3r zag\u0119stnika- wsp\u00f3\u0142pracuj\u0105cego z pozosta\u0142ymi dodatkami zawartymi w p\u0142uczce wiertniczej- ma kluczowe znaczenie i pozwala na\u00a0<strong>dostosowanie lepko\u015bci p\u0142ynu do w\u0142asnych potrzeb<\/strong>. Naturalne zag\u0119stniki oparte s\u0105 na w\u0119glowodanach, takich jak np. celuloza. S\u0105 to biopolimery rozpuszczalne w wodzie i stosowane w p\u0142uczkach na bazie wody. Stosowane s\u0105 r\u00f3wnie\u017c do obni\u017cania filtracji i stabilizacji lepko\u015bci p\u0142uczki wiertniczej.<\/p><p>Polecane produkty:<\/p>\t\t\t\t\t\t<\/div>\n\t\t\t\t<\/div>\n\t\t\t\t\t<\/div>\n\t\t\t\t<\/div>\n\t\t<div class=\"elementor-element elementor-element-c347298 e-flex e-con-boxed e-con e-parent\" data-id=\"c347298\" data-element_type=\"container\">\n\t\t\t\t\t<div class=\"e-con-inner\">\n\t\t\t\t<div class=\"elementor-element elementor-element-0425f00 elementor-widget elementor-widget-text-editor\" data-id=\"0425f00\" data-element_type=\"widget\" data-widget_type=\"text-editor.default\">\n\t\t\t\t<div class=\"elementor-widget-container\">\n\t\t\t\t\t\t\t<ul><li class=\"product-title text-uppercase no-margin\"><a href=\"https:\/\/cmc.aseem.pl\/?page_id=57\">POLOFIX\u00ae\u00a0LV<\/a><\/li><li class=\"product-title text-uppercase no-margin\"><p class=\"product-title text-uppercase no-margin\"><a href=\"https:\/\/cmc.aseem.pl\/?page_id=59\">POLOFIX\u00ae\u00a0LV\/BT<\/a><\/p><\/li><li class=\"product-title text-uppercase no-margin\"><p class=\"product-title text-uppercase no-margin\"><a href=\"https:\/\/cmc.aseem.pl\/?page_id=55\">POLOFIX\u00ae\u00a0HV<\/a><\/p><\/li><\/ul>\t\t\t\t\t\t<\/div>\n\t\t\t\t<\/div>\n\t\t\t\t\t<\/div>\n\t\t\t\t<\/div>\n\t\t\t\t<\/div>\n\t\t","protected":false},"excerpt":{"rendered":"<p>G\u0142\u00f3wnym zadaniem zag\u0119stnik\u00f3w stosowanych w wiertnictwie jest nadanie p\u0142uczce wiertniczej zaprojektowanych\u00a0w\u0142a\u015bciwo\u015bci reologicznych, utrzymanie odpowiedniej lepko\u015bci i granicy p\u0142yni\u0119cia, dzi\u0119ki kt\u00f3rym spe\u0142nia podstawow\u0105 funkcj\u0119, jak\u0105 jest efektywne wynoszenie zwiercin (urobku). Odpowiedni dob\u00f3r zag\u0119stnika- wsp\u00f3\u0142pracuj\u0105cego z pozosta\u0142ymi dodatkami zawartymi w p\u0142uczce wiertniczej- ma kluczowe znaczenie i pozwala na\u00a0dostosowanie lepko\u015bci p\u0142ynu do w\u0142asnych potrzeb. Naturalne zag\u0119stniki oparte s\u0105 [&hellip;]<\/p>\n","protected":false},"author":1,"featured_media":0,"parent":0,"menu_order":0,"comment_status":"closed","ping_status":"closed","template":"","meta":{"footnotes":""},"class_list":["post-61","page","type-page","status-publish","hentry"],"_links":{"self":[{"href":"https:\/\/cmc.aseem.pl\/index.php?rest_route=\/wp\/v2\/pages\/61","targetHints":{"allow":["GET"]}}],"collection":[{"href":"https:\/\/cmc.aseem.pl\/index.php?rest_route=\/wp\/v2\/pages"}],"about":[{"href":"https:\/\/cmc.aseem.pl\/index.php?rest_route=\/wp\/v2\/types\/page"}],"author":[{"embeddable":true,"href":"https:\/\/cmc.aseem.pl\/index.php?rest_route=\/wp\/v2\/users\/1"}],"replies":[{"embeddable":true,"href":"https:\/\/cmc.aseem.pl\/index.php?rest_route=%2Fwp%2Fv2%2Fcomments&post=61"}],"version-history":[{"count":7,"href":"https:\/\/cmc.aseem.pl\/index.php?rest_route=\/wp\/v2\/pages\/61\/revisions"}],"predecessor-version":[{"id":398,"href":"https:\/\/cmc.aseem.pl\/index.php?rest_route=\/wp\/v2\/pages\/61\/revisions\/398"}],"wp:attachment":[{"href":"https:\/\/cmc.aseem.pl\/index.php?rest_route=%2Fwp%2Fv2%2Fmedia&parent=61"}],"curies":[{"name":"wp","href":"https:\/\/api.w.org\/{rel}","templated":true}]}}